ctor of 272063970 and 90.
90
Calculate the greatest common factor of 64 and 1835396.
4
Calculate the highest common factor of 1457369 and 298.
149
Calculate the greatest common divisor of 36873 and 11429184.
723
Calculate the highest common factor of 84645 and 741015.
1485
Calculate the highest common divisor of 948 and 4675299.
237
What is the highest common factor of 29415 and 1604098?
1961
What is the greatest common factor of 2975 and 232288?
119
Calculate the highest common factor of 24341 and 7292301.
101
Calculate the greatest common divisor of 190 and 2464072.
38
Calculate the highest common factor of 16879248 and 144.
144
What is the highest common divisor of 199264 and 9952?
32
Calculate the greatest common divisor of 74327 and 120419992.
2563
What is the highest common factor of 3041491 and 1305?
29
What is the greatest common divisor of 5469908 and 23300?
932
Calculate the highest common divisor of 306 and 342965582.
34
Calculate the highest common factor of 16724 and 686572.
148
What is the greatest common factor of 74408 and 692204?
524
Calculate the greatest common factor of 10195926 and 318786.
5226
Calculate the highest common factor of 2168 and 1563941.
271
What is the greatest common factor of 29405935 and 69745?
2405
Calculate the highest common divisor of 11830 and 2065856.
338
Calculate the highest common divisor of 53274 and 9539461.
683
Calculate the highest common factor of 126366 and 4992.
6
Calculate the greatest common divisor of 45 and 79444290.
15
What is the highest common factor of 12797 and 127015?
191
What is the highest common divisor of 1505 and 43960?
35
Calculate the highest common divisor of 19747 and 6109883.
403
What is the highest common factor of 47174 and 308234?
458
Calculate the highest common divisor of 122291690 and 35087.
2699
Calculate the highest common factor of 54293028 and 6045.
93
What is the highest common factor of 19030 and 20201210?
1730
Calculate the highest common factor of 51687453 and 1437.
1437
Calculate the highest common divisor of 4362 and 2797.
1
What is the highest common factor of 2158 and 120107?
13
What is the highest common factor of 69592768 and 896?
448
Calculate the greatest common divisor of 216480 and 204754.
902
Calculate the greatest common factor of 25042728 and 93624.
1128
Calculate the highest common divisor of 540956 and 22660.
412
Calculate the greatest common divisor of 4365 and 3610340.
485
Calculate the highest common divisor of 15418971 and 515367.
1557
Calculate the greatest common factor of 926280 and 230740.
1660
Calculate the greatest common factor of 59500512 and 287.
41
Calculate the highest common divisor of 54115 and 99935.
395
What is the highest common factor of 2541 and 2124761331?
2541
What is the greatest common factor of 3525 and 23385?
15
What is the greatest common divisor of 34 and 2567018?
2
Calculate the highest common factor of 918540 and 59985.
45
Calculate the highest common factor of 37227582 and 63.
63
What is the greatest common factor of 6 and 89373?
3
What is the highest common divisor of 5648399 and 1494?
83
What is the highest common divisor of 50196818 and 884?
34
Calculate the greatest common divisor of 268056 and 6576552.
3672
Calculate the highest common divisor of 60230 and 15052745.
1585
What is the highest common factor of 8174 and 189832?
122
What is the highest common divisor of 201037804 and 44?
44
Calculate the greatest common factor of 1011955 and 216195.
1015
What is the highest common factor of 3075 and 15528545?
205
What is the greatest common factor of 33248 and 128816?
16
Calculate the highest common divisor of 104 and 162468488.
104
Calculate the highest common divisor of 23511904 and 12448.
32
Calculate the greatest common divisor of 432450 and 160650.
450
What is the greatest common factor of 300 and 7626924?
12
What is the greatest common factor of 279 and 135089475?
93
What is the highest common factor of 56682 and 379854?
846
Calculate the highest common factor of 13072 and 4101904.
16
What is the highest common divisor of 17930 and 1635?
5
What is the highest common divisor of 14323003 and 3701009?
9817
What is the greatest common factor of 210924 and 6014?
62
What is the highest common divisor of 6841920 and 12640?
160
What is the greatest common factor of 95563 and 5993?
13
What is the highest common divisor of 558 and 649242?
18
Calculate the highest common divisor of 200 and 322928.
8
What is the highest common factor of 223 and 3278052947?
223
What is the greatest common divisor of 13780 and 6467060?
1060
Calculate the greatest common factor of 4679116 and 702.
26
Calculate the greatest common divisor of 3706240117 and 194.
97
Calculate the greatest common divisor of 104 and 9959846.
26
What is the greatest common divisor of 128838342 and 204?
102
Calculate the highest common factor of 141856 and 51139.
11
What is the greatest common divisor of 24820927 and 604?
151
What is the greatest common divisor of 270 and 8330688?
54
What is the highest common divisor of 251643 and 500160?
1563
Calculate the highest common factor of 2054752 and 4256.
224
What is the highest common divisor of 2944 and 1268480?
128
Calculate the highest common divisor of 200570 and 627905.
155
Calculate the greatest common factor of 201880 and 44170.
70
What is the greatest common divisor of 258302 and 37642?
1298
What is the highest common divisor of 54119220 and 456?
228
Calculate the highest common divisor of 545431356 and 3996.
1332
What is the greatest common divisor of 204666133 and 6818?
3409
What is the highest common divisor of 33874362 and 324?
162
Calculate the highest common divisor of 23699519 and 1093.
1093
Calculate the greatest common divisor of 3665248 and 282.
94
Calculate the greatest common factor of 3605 and 24482997.
721
Calculate the greatest common divisor of 22859041 and 70643.
1723
What is the greatest common divisor of 56357508 and 54?
6
What is the highest common factor of 105820 and 118430?
130
Calculate the greatest common divisor of 7110224 and 213.
71
Calculate the greatest common factor of 6626 and 7284.
2
Calculate the greatest common factor of 646 and 313400117.
323
What is the greatest common factor of 1730239836 and 156?
156
What is the greatest common divisor of 5 and 7994657?
1
What is the highest common divisor of 3667 and 19699789?
19
What is the highest common divisor of 4416 and 126096212?
92
Calculate the highest common factor of 120450 and 566049300.
10950
What is the greatest common factor of 4210728 and 60?
12
What is the highest common divisor of 3082 and 3724804?
46
Calculate the highest common divisor of 72 and 4486239.
9
What is the highest common factor of 16 and 6163128?
8
Calculate the highest common factor of 98882420 and 910.
910
Calculate the greatest common factor of 806 and 2212717.
13
What is the greatest common factor of 51009 and 5194?
49
What is the greatest common divisor of 37927 and 257669?
391
What is the highest common factor of 2041 and 1395686825?
2041
Calculate the highest common divisor of 2345823 and 153.
9
What is the greatest common divisor of 15 and 383971215?
15
What is the highest common divisor of 13277317 and 5986?
41
What is the highest common factor of 123 and 100747701?
123
Calculate the greatest common divisor of 3370949 and 7590.
23
Calculate the greatest common factor of 545 and 23736385.
545
What is the highest common divisor of 3588625 and 25?
25
Calculate the highest common divisor of 364161 and 105.
21
What is the highest common divisor of 1026253540 and 4654?
4654
What is the highest common factor of 155 and 152450870?
155
What is the highest common divisor of 76831536 and 47952?
1776
What is the greatest common divisor of 1455294 and 47967?
177
What is the greatest common divisor of 25806 and 812636?
506
What is the highest common factor of 1499860 and 1140?
380
What is the greatest common factor of 20259400 and 1624?
1624
Calculate the greatest common factor of 788086 and 24596.
26
Calculate the highest common factor of 173 and 386006423.
173
What is the highest common factor of 58657293 and 4173?
321
Calculate the highest common factor of 1365 and 273120120.
1365
Calculate the highest common divisor of 1548 and 19924308.
1548
What